{"id":449,"date":"2024-06-24T18:26:58","date_gmt":"2024-06-24T21:26:58","guid":{"rendered":"https:\/\/infosoft.ar\/clientes\/muni_lavalle\/?page_id=449"},"modified":"2026-03-03T16:05:17","modified_gmt":"2026-03-03T19:05:17","slug":"concejo-deliberante","status":"publish","type":"page","link":"https:\/\/lavallemendoza.gob.ar\/public\/concejo-deliberante\/","title":{"rendered":"Concejo Deliberante"},"content":{"rendered":"<p>[et_pb_section fb_built=\u00bb1&#8243; _builder_version=\u00bb4.21.0&#8243; _module_preset=\u00bbdefault\u00bb background_color=\u00bbrgba(0,0,0,0.55)\u00bb background_image=\u00bbhttps:\/\/lavallemendoza.gob.ar\/public\/wp-content\/uploads\/2025\/04\/concejo-deliberante.jpg\u00bb background_blend=\u00bboverlay\u00bb custom_padding=\u00bb54px||15px|||\u00bb bottom_divider_style=\u00bbcurve2&#8243; bottom_divider_color=\u00bbRGBA(255,255,255,0)\u00bb bottom_divider_repeat=\u00bb1x\u00bb animation_style=\u00bbslide\u00bb animation_direction=\u00bbbottom\u00bb animation_intensity_slide=\u00bb10%\u00bb da_disable_devices=\u00bboff|off|off\u00bb border_color_all=\u00bbRGBA(255,255,255,0)\u00bb border_color_bottom=\u00bbRGBA(255,255,255,0)\u00bb locked=\u00bboff\u00bb global_colors_info=\u00bb{}\u00bb da_is_popup=\u00bboff\u00bb da_exit_intent=\u00bboff\u00bb da_has_close=\u00bbon\u00bb da_alt_close=\u00bboff\u00bb da_dark_close=\u00bboff\u00bb da_not_modal=\u00bbon\u00bb da_is_singular=\u00bboff\u00bb da_with_loader=\u00bboff\u00bb da_has_shadow=\u00bbon\u00bb][et_pb_row _builder_version=\u00bb4.21.0&#8243; _module_preset=\u00bbdefault\u00bb global_colors_info=\u00bb{}\u00bb][et_pb_column type=\u00bb4_4&#8243; _builder_version=\u00bb4.21.0&#8243; _module_preset=\u00bbdefault\u00bb global_colors_info=\u00bb{}\u00bb][et_pb_text _builder_version=\u00bb4.21.0&#8243; _module_preset=\u00bbdefault\u00bb text_font=\u00bbmonserrat-extrabold||||||||\u00bb text_text_color=\u00bb#FFFFFF\u00bb text_font_size=\u00bb45px\u00bb custom_padding=\u00bb49px||113px|||\u00bb text_font_size_tablet=\u00bb45px\u00bb text_font_size_phone=\u00bb27px\u00bb text_font_size_last_edited=\u00bbon|phone\u00bb text_line_height_tablet=\u00bb\u00bb text_line_height_phone=\u00bb1em\u00bb text_line_height_last_edited=\u00bbon|phone\u00bb global_colors_info=\u00bb{}\u00bb]<\/p>\n<p style=\"text-align: center;\"><strong>Concejo Deliberante<\/strong><\/p>\n<p>[\/et_pb_text][\/et_pb_column][\/et_pb_row][\/et_pb_section][et_pb_section fb_built=\u00bb1&#8243; _builder_version=\u00bb4.21.0&#8243; _module_preset=\u00bbdefault\u00bb background_color=\u00bbRGBA(255,255,255,0)\u00bb custom_padding=\u00bb21px||24px|||\u00bb da_disable_devices=\u00bboff|off|off\u00bb global_colors_info=\u00bb{}\u00bb da_is_popup=\u00bboff\u00bb da_exit_intent=\u00bboff\u00bb da_has_close=\u00bbon\u00bb da_alt_close=\u00bboff\u00bb da_dark_close=\u00bboff\u00bb da_not_modal=\u00bbon\u00bb da_is_singular=\u00bboff\u00bb da_with_loader=\u00bboff\u00bb da_has_shadow=\u00bbon\u00bb][et_pb_row column_structure=\u00bb1_2,1_2&#8243; _builder_version=\u00bb4.21.0&#8243; _module_preset=\u00bbdefault\u00bb animation_style=\u00bbfade\u00bb animation_direction=\u00bbbottom\u00bb animation_duration=\u00bb1050ms\u00bb global_colors_info=\u00bb{}\u00bb][et_pb_column type=\u00bb1_2&#8243; _builder_version=\u00bb4.21.0&#8243; _module_preset=\u00bbdefault\u00bb global_colors_info=\u00bb{}\u00bb][et_pb_code _builder_version=\u00bb4.21.0&#8243; _module_preset=\u00bbdefault\u00bb text_orientation=\u00bbcenter\u00bb global_colors_info=\u00bb{}\u00bb]<a href=\".\/quienes-somos\" class=\"custom-button\">\u00bfQUI\u00c9NES SOMOS?<\/a><!-- [et_pb_line_break_holder] -->[\/et_pb_code][\/et_pb_column][et_pb_column type=\u00bb1_2&#8243; _builder_version=\u00bb4.21.0&#8243; _module_preset=\u00bbdefault\u00bb global_colors_info=\u00bb{}\u00bb][et_pb_code _builder_version=\u00bb4.21.0&#8243; _module_preset=\u00bbdefault\u00bb text_orientation=\u00bbcenter\u00bb global_colors_info=\u00bb{}\u00bb]<a href=\".\/que-hacemos\" class=\"custom-button\">\u00bfQU\u00c9 HACEMOS?<\/a><!-- [et_pb_line_break_holder] -->[\/et_pb_code][\/et_pb_column][\/et_pb_row][et_pb_row _builder_version=\u00bb4.21.0&#8243; _module_preset=\u00bbdefault\u00bb module_alignment=\u00bbcenter\u00bb animation_style=\u00bbslide\u00bb animation_direction=\u00bbbottom\u00bb animation_duration=\u00bb1050ms\u00bb animation_intensity_slide=\u00bb7%\u00bb global_colors_info=\u00bb{}\u00bb][et_pb_column type=\u00bb4_4&#8243; _builder_version=\u00bb4.21.0&#8243; _module_preset=\u00bbdefault\u00bb global_colors_info=\u00bb{}\u00bb][et_pb_code _builder_version=\u00bb4.21.0&#8243; _module_preset=\u00bbdefault\u00bb global_colors_info=\u00bb{}\u00bb]<!DOCTYPE html><!-- [et_pb_line_break_holder] --><html lang=\"es\"><!-- [et_pb_line_break_holder] --><head><!-- [et_pb_line_break_holder] -->    <meta charset=\"UTF-8\"><!-- [et_pb_line_break_holder] -->    <meta name=\"viewport\" content=\"width=device-width, initial-scale=1.0\"><!-- [et_pb_line_break_holder] -->    <title>Presidente HCD<\/title><!-- [et_pb_line_break_holder] -->    <\/p>\n<style><!-- [et_pb_line_break_holder] --><!-- [et_pb_line_break_holder] --><!-- [et_pb_line_break_holder] -->        .profile-card {<!-- [et_pb_line_break_holder] -->            display: flex;<!-- [et_pb_line_break_holder] -->            flex-wrap: wrap;<!-- [et_pb_line_break_holder] -->            max-width: 900px;<!-- [et_pb_line_break_holder] -->            background-color: #ffffff;<!-- [et_pb_line_break_holder] -->            border-radius: 12px;<!-- [et_pb_line_break_holder] -->            box-shadow: 0 8px 16px rgba(0, 0, 0, 0.2);<!-- [et_pb_line_break_holder] -->            overflow: hidden;<!-- [et_pb_line_break_holder] -->          <!-- [et_pb_line_break_holder] -->        }<!-- [et_pb_line_break_holder] --><!-- [et_pb_line_break_holder] -->        .profile-image {<!-- [et_pb_line_break_holder] -->            flex: 1 1 300px;<!-- [et_pb_line_break_holder] -->            background-size: cover;<!-- [et_pb_line_break_holder] -->            background-position: center;<!-- [et_pb_line_break_holder] -->        }<!-- [et_pb_line_break_holder] --><!-- [et_pb_line_break_holder] -->        .profile-content {<!-- [et_pb_line_break_holder] -->            flex: 2 1 600px;<!-- [et_pb_line_break_holder] -->            padding: 30px;<!-- [et_pb_line_break_holder] -->            display: flex;<!-- [et_pb_line_break_holder] -->            flex-direction: column;<!-- [et_pb_line_break_holder] -->            justify-content: center;<!-- [et_pb_line_break_holder] -->        }<!-- [et_pb_line_break_holder] --><!-- [et_pb_line_break_holder] -->        .profile-content h2 {<!-- [et_pb_line_break_holder] -->            margin: 0;<!-- [et_pb_line_break_holder] -->            font-size: 28px;<!-- [et_pb_line_break_holder] -->            color: #f68c1e;<!-- [et_pb_line_break_holder] -->        }<!-- [et_pb_line_break_holder] --><!-- [et_pb_line_break_holder] -->        .profile-content h3 {<!-- [et_pb_line_break_holder] -->            margin: 10px 0;<!-- [et_pb_line_break_holder] -->            font-size: 20px;<!-- [et_pb_line_break_holder] -->            font-weight: 600;<!-- [et_pb_line_break_holder] -->            color: #555;<!-- [et_pb_line_break_holder] -->        }<!-- [et_pb_line_break_holder] --><!-- [et_pb_line_break_holder] -->        .profile-content p {<!-- [et_pb_line_break_holder] -->            font-size: 16px;<!-- [et_pb_line_break_holder] -->            line-height: 1.6;<!-- [et_pb_line_break_holder] -->            color: #333;<!-- [et_pb_line_break_holder] -->        }<!-- [et_pb_line_break_holder] --><!-- [et_pb_line_break_holder] -->        .profile-content .quote {<!-- [et_pb_line_break_holder] -->            margin-top: 20px;<!-- [et_pb_line_break_holder] -->            padding: 10px 20px;<!-- [et_pb_line_break_holder] -->            border-left: 4px solid #f68c1e;<!-- [et_pb_line_break_holder] -->            background-color: #f9f9f9;<!-- [et_pb_line_break_holder] -->            font-style: italic;<!-- [et_pb_line_break_holder] -->            color: #555;<!-- [et_pb_line_break_holder] -->        }<!-- [et_pb_line_break_holder] --><!-- [et_pb_line_break_holder] -->        @media (max-width: 768px) {<!-- [et_pb_line_break_holder] -->            .profile-card {<!-- [et_pb_line_break_holder] -->                flex-direction: column;<!-- [et_pb_line_break_holder] -->            }<!-- [et_pb_line_break_holder] --><!-- [et_pb_line_break_holder] -->            .profile-image {<!-- [et_pb_line_break_holder] -->                height: 300px;<!-- [et_pb_line_break_holder] -->            }<!-- [et_pb_line_break_holder] -->        }<!-- [et_pb_line_break_holder] -->    <\/style>\n<p><!-- [et_pb_line_break_holder] --><\/head><!-- [et_pb_line_break_holder] --><body><!-- [et_pb_line_break_holder] -->  <\/p>\n<div style=\"place-items: center;\"><!-- [et_pb_line_break_holder] -->    <!-- [et_pb_line_break_holder] -->    <\/p>\n<div class=\"profile-card\"><!-- [et_pb_line_break_holder] -->        <!-- Imagen --><!-- [et_pb_line_break_holder] -->        <\/p>\n<div <!-- [et_pb_line_break_holder] -->            class=\u00bbprofile-image\u00bb <!-- [et_pb_line_break_holder] -->            style=\u00bbbackground-image: url(&#8216;https:\/\/lavallemendoza.gob.ar\/public\/wp-content\/uploads\/2025\/01\/Guadalupe-Pares-Martino.jpg&#8217;);\u00bb><!-- [et_pb_line_break_holder] -->        <\/div>\n<p><!-- [et_pb_line_break_holder] -->        <!-- [et_pb_line_break_holder] -->        <!-- Contenido --><!-- [et_pb_line_break_holder] -->        <\/p>\n<div class=\"profile-content\"><!-- [et_pb_line_break_holder] --><\/p>\n<h2>SRTA. GUADALUPE PAR\u00c9S MARTINO<\/h2>\n<p><!-- [et_pb_line_break_holder] --><\/p>\n<h3>Presidenta del Concejo Deliberante de Lavalle<\/h3>\n<p><!-- [et_pb_line_break_holder] --><pee><!-- [et_pb_line_break_holder] -->    Soy nacida y criada en Lavalle, y mi amor por mi comunidad me ha impulsado a dedicarme al servicio p\u00fablico. Me siento profundamente comprometida con el bienestar de cada vecino y vecina de nuestro departamento. <!\u2013- [et_pb_br_holder] -\u2013><!-- [et_pb_line_break_holder] -->  <!-- [et_pb_line_break_holder] -->    Como Presidenta del Concejo Deliberante de Lavalle, mi misi\u00f3n es representar a todos los lavallinos con honestidad y dedicaci\u00f3n. Trabajo d\u00eda a d\u00eda para construir pol\u00edticas que nos permitan crecer como comunidad, priorizando siempre la inclusi\u00f3n, el desarrollo sostenible y el bienestar de cada familia.<!-- [et_pb_line_break_holder] --><\/pee><!-- [et_pb_line_break_holder] --><\/p>\n<div class=\"quote\"><!-- [et_pb_line_break_holder] -->    \u201cCreo firmemente que el progreso de Lavalle se logra cuando todos nos unimos para construir un futuro mejor. Juntos, podemos hacer la diferencia.\u201d <!-- [et_pb_line_break_holder] --><\/div>\n<p><!-- [et_pb_line_break_holder] --><!-- [et_pb_line_break_holder] -->        <\/div>\n<p><!-- [et_pb_line_break_holder] -->    <\/div>\n<p><!-- [et_pb_line_break_holder] -->     <\/div>\n<p><!-- [et_pb_line_break_holder] --><\/body><!-- [et_pb_line_break_holder] --><\/html><!-- [et_pb_line_break_holder] -->[\/et_pb_code][\/et_pb_column][\/et_pb_row][et_pb_row _builder_version=\u00bb4.21.0&#8243; _module_preset=\u00bbdefault\u00bb global_colors_info=\u00bb{}\u00bb][et_pb_column type=\u00bb4_4&#8243; _builder_version=\u00bb4.21.0&#8243; _module_preset=\u00bbdefault\u00bb global_colors_info=\u00bb{}\u00bb][et_pb_text _builder_version=\u00bb4.21.0&#8243; _module_preset=\u00bbdefault\u00bb border_width_bottom=\u00bb2px\u00bb border_color_bottom=\u00bb#E09900&#8243; global_colors_info=\u00bb{}\u00bb]<\/p>\n<h3>Noticias HCD<\/h3>\n<p>[\/et_pb_text][\/et_pb_column][\/et_pb_row][et_pb_row _builder_version=\u00bb4.21.0&#8243; _module_preset=\u00bbdefault\u00bb animation_style=\u00bbslide\u00bb animation_direction=\u00bbbottom\u00bb animation_intensity_slide=\u00bb5%\u00bb global_colors_info=\u00bb{}\u00bb][et_pb_column type=\u00bb4_4&#8243; _builder_version=\u00bb4.21.0&#8243; _module_preset=\u00bbdefault\u00bb global_colors_info=\u00bb{}\u00bb][et_pb_blog fullwidth=\u00bboff\u00bb posts_number=\u00bb9&#8243; include_categories=\u00bb6&#8243; show_author=\u00bboff\u00bb _builder_version=\u00bb4.21.0&#8243; _module_preset=\u00bbdefault\u00bb hover_enabled=\u00bb0&#8243; border_radii_image=\u00bbon|10px|10px|10px|10px\u00bb global_colors_info=\u00bb{}\u00bb sticky_enabled=\u00bb0&#8243;][\/et_pb_blog][\/et_pb_column][\/et_pb_row][\/et_pb_section][et_pb_section fb_built=\u00bb1&#8243; disabled_on=\u00bbon|off|off\u00bb _builder_version=\u00bb4.21.0&#8243; _module_preset=\u00bbdefault\u00bb background_color=\u00bb#fffdf6&#8243; custom_padding=\u00bb0px||18px|||\u00bb da_disable_devices=\u00bboff|off|off\u00bb global_colors_info=\u00bb{}\u00bb da_is_popup=\u00bboff\u00bb da_exit_intent=\u00bboff\u00bb da_has_close=\u00bbon\u00bb da_alt_close=\u00bboff\u00bb da_dark_close=\u00bboff\u00bb da_not_modal=\u00bbon\u00bb da_is_singular=\u00bboff\u00bb da_with_loader=\u00bboff\u00bb da_has_shadow=\u00bbon\u00bb][et_pb_row _builder_version=\u00bb4.21.0&#8243; _module_preset=\u00bbdefault\u00bb global_colors_info=\u00bb{}\u00bb][et_pb_column type=\u00bb4_4&#8243; _builder_version=\u00bb4.21.0&#8243; _module_preset=\u00bbdefault\u00bb global_colors_info=\u00bb{}\u00bb][et_pb_image src=\u00bbhttps:\/\/lavallemendoza.gob.ar\/public\/wp-content\/uploads\/2025\/01\/hcd_abierto_link_.jpg\u00bb url=\u00bb@ET-DC@eyJkeW5hbWljIjp0cnVlLCJjb250ZW50IjoicG9zdF9saW5rX3VybF9wYWdlIiwic2V0dGluZ3MiOnsicG9zdF9pZCI6IjE0MTUifX0=@\u00bb _builder_version=\u00bb4.21.0&#8243; _dynamic_attributes=\u00bburl\u00bb _module_preset=\u00bbdefault\u00bb box_shadow_style=\u00bbpreset3&#8243; box_shadow_blur=\u00bb0px\u00bb box_shadow_spread=\u00bb-80px\u00bb global_colors_info=\u00bb{}\u00bb box_shadow_blur__hover_enabled=\u00bbon|hover\u00bb box_shadow_spread__hover_enabled=\u00bbon|desktop\u00bb box_shadow_blur__hover=\u00bb13px\u00bb box_shadow_spread__hover=\u00bb-8px\u00bb][\/et_pb_image][\/et_pb_column][\/et_pb_row][\/et_pb_section][et_pb_section fb_built=\u00bb1&#8243; fullwidth=\u00bbon\u00bb _builder_version=\u00bb4.21.0&#8243; _module_preset=\u00bbdefault\u00bb custom_padding=\u00bb38px|||||\u00bb da_disable_devices=\u00bboff|off|off\u00bb global_colors_info=\u00bb{}\u00bb da_is_popup=\u00bboff\u00bb da_exit_intent=\u00bboff\u00bb da_has_close=\u00bbon\u00bb da_alt_close=\u00bboff\u00bb da_dark_close=\u00bboff\u00bb da_not_modal=\u00bbon\u00bb da_is_singular=\u00bboff\u00bb da_with_loader=\u00bboff\u00bb da_has_shadow=\u00bbon\u00bb][et_pb_fullwidth_image src=\u00bbhttps:\/\/lavallemendoza.gob.ar\/public\/wp-content\/uploads\/2025\/01\/hcd_abierto_link_.jpg\u00bb url=\u00bb@ET-DC@eyJkeW5hbWljIjp0cnVlLCJjb250ZW50IjoicG9zdF9saW5rX3VybF9wYWdlIiwic2V0dGluZ3MiOnsicG9zdF9pZCI6IjE0MTUifX0=@\u00bb disabled_on=\u00bboff|on|on\u00bb _builder_version=\u00bb4.21.0&#8243; _dynamic_attributes=\u00bburl\u00bb _module_preset=\u00bbdefault\u00bb box_shadow_style=\u00bbpreset3&#8243; box_shadow_blur=\u00bb0px\u00bb box_shadow_spread=\u00bb-80px\u00bb global_colors_info=\u00bb{}\u00bb box_shadow_blur__hover=\u00bb13px\u00bb box_shadow_blur__hover_enabled=\u00bbon|hover\u00bb box_shadow_spread__hover=\u00bb-8px\u00bb box_shadow_spread__hover_enabled=\u00bbon|desktop\u00bb][\/et_pb_fullwidth_image][\/et_pb_section][et_pb_section fb_built=\u00bb1&#8243; _builder_version=\u00bb4.21.0&#8243; _module_preset=\u00bbdefault\u00bb background_color=\u00bb#fffdf6&#8243; custom_padding=\u00bb0px|||||\u00bb da_disable_devices=\u00bboff|off|off\u00bb global_colors_info=\u00bb{}\u00bb da_is_popup=\u00bboff\u00bb da_exit_intent=\u00bboff\u00bb da_has_close=\u00bbon\u00bb da_alt_close=\u00bboff\u00bb da_dark_close=\u00bboff\u00bb da_not_modal=\u00bbon\u00bb da_is_singular=\u00bboff\u00bb da_with_loader=\u00bboff\u00bb da_has_shadow=\u00bbon\u00bb][et_pb_row _builder_version=\u00bb4.21.0&#8243; _module_preset=\u00bbdefault\u00bb global_colors_info=\u00bb{}\u00bb][et_pb_column type=\u00bb4_4&#8243; _builder_version=\u00bb4.21.0&#8243; _module_preset=\u00bbdefault\u00bb global_colors_info=\u00bb{}\u00bb][et_pb_text _builder_version=\u00bb4.21.0&#8243; _module_preset=\u00bbdefault\u00bb border_width_bottom=\u00bb2px\u00bb border_color_bottom=\u00bb#E09900&#8243; global_colors_info=\u00bb{}\u00bb]<\/p>\n<h3>UBICACI\u00d3N<\/h3>\n<p>[\/et_pb_text][et_pb_code _builder_version=\u00bb4.21.0&#8243; _module_preset=\u00bbdefault\u00bb global_colors_info=\u00bb{}\u00bb]<iframe src=\"https:\/\/www.google.com\/maps\/embed?pb=!1m18!1m12!1m3!1d1186.7645226882137!2d-68.5944367856093!3d-32.72121053369303!2m3!1f0!2f0!3f0!3m2!1i1024!2i768!4f13.1!3m3!1m2!1s0x967e19384fefe4b9%3A0x1c87873b358f09a4!2sC.%20Belgrano%2060%2C%20M5533%20Villa%20Tulumaya%2C%20Mendoza!5e0!3m2!1ses-419!2sar!4v1735915698074!5m2!1ses-419!2sar\" width=\"100%\" height=\"400\" style=\"border:0;\" allowfullscreen=\"\" loading=\"lazy\" referrerpolicy=\"no-referrer-when-downgrade\"><\/iframe>[\/et_pb_code][et_pb_text _builder_version=\u00bb4.21.0&#8243; _module_preset=\u00bbdefault\u00bb text_orientation=\u00bbcenter\u00bb custom_margin=\u00bb||-9px|||\u00bb border_color_all=\u00bbRGBA(255,255,255,0)\u00bb border_width_bottom=\u00bb2px\u00bb locked=\u00bboff\u00bb global_colors_info=\u00bb{}\u00bb]<\/p>\n<h3>CONTACTANOS<\/h3>\n<p>[\/et_pb_text][et_pb_code _builder_version=\u00bb4.21.0&#8243; _module_preset=\u00bbdefault\u00bb global_colors_info=\u00bb{}\u00bb]<!DOCTYPE html><!-- [et_pb_line_break_holder] --><html lang=\"es\"><!-- [et_pb_line_break_holder] --><head><!-- [et_pb_line_break_holder] -->    <meta charset=\"UTF-8\"><!-- [et_pb_line_break_holder] -->    <meta name=\"viewport\" content=\"width=device-width, initial-scale=1.0\"><!-- [et_pb_line_break_holder] -->    <title>Contactos<\/title><!-- [et_pb_line_break_holder] -->    <!-- Vincular Font Awesome --><!-- [et_pb_line_break_holder] -->    <link href=\"https:\/\/cdnjs.cloudflare.com\/ajax\/libs\/font-awesome\/6.0.0-beta3\/css\/all.min.css\" rel=\"stylesheet\"><!-- [et_pb_line_break_holder] -->    <\/p>\n<style><!-- [et_pb_line_break_holder] -->        body {<!-- [et_pb_line_break_holder] -->            font-family: Arial, sans-serif;<!-- [et_pb_line_break_holder] -->            background-color: #f5f5f5;<!-- [et_pb_line_break_holder] -->            margin: 0;<!-- [et_pb_line_break_holder] -->            padding: 0;<!-- [et_pb_line_break_holder] -->        }<!-- [et_pb_line_break_holder] --><!-- [et_pb_line_break_holder] -->        .contact-container {<!-- [et_pb_line_break_holder] -->            display: flex;<!-- [et_pb_line_break_holder] -->            flex-direction: column;<!-- [et_pb_line_break_holder] -->            align-items: center;<!-- [et_pb_line_break_holder] -->            padding: 20px;<!-- [et_pb_line_break_holder] -->            gap: 15px;<!-- [et_pb_line_break_holder] -->        }<!-- [et_pb_line_break_holder] --><!-- [et_pb_line_break_holder] -->        .contact-item {<!-- [et_pb_line_break_holder] -->            display: flex;<!-- [et_pb_line_break_holder] -->            align-items: center;<!-- [et_pb_line_break_holder] -->            background: #ffffff;<!-- [et_pb_line_break_holder] -->            padding: 10px 20px;<!-- [et_pb_line_break_holder] -->            border-radius: 8px;<!-- [et_pb_line_break_holder] -->            box-shadow: 0 4px 6px rgba(0, 0, 0, 0.1);<!-- [et_pb_line_break_holder] -->            width: 100%;<!-- [et_pb_line_break_holder] -->            max-width: 500px;<!-- [et_pb_line_break_holder] -->            text-decoration: none;<!-- [et_pb_line_break_holder] -->            color: #333;<!-- [et_pb_line_break_holder] -->            transition: transform 0.3s ease, box-shadow 0.3s ease;<!-- [et_pb_line_break_holder] -->        }<!-- [et_pb_line_break_holder] --><!-- [et_pb_line_break_holder] -->        .contact-item:hover {<!-- [et_pb_line_break_holder] -->            transform: translateY(-5px);<!-- [et_pb_line_break_holder] -->            box-shadow: 0 6px 10px rgba(0, 0, 0, 0.15);<!-- [et_pb_line_break_holder] -->        }<!-- [et_pb_line_break_holder] --><!-- [et_pb_line_break_holder] -->        .contact-item i {<!-- [et_pb_line_break_holder] -->            font-size: 24px;<!-- [et_pb_line_break_holder] -->            margin-right: 15px;<!-- [et_pb_line_break_holder] -->        }<!-- [et_pb_line_break_holder] --><!-- [et_pb_line_break_holder] -->        \/* Colores de los \u00edconos *\/<!-- [et_pb_line_break_holder] -->        .contact-item.whatsapp i {<!-- [et_pb_line_break_holder] -->            color: #25D366; \/* Verde de WhatsApp *\/<!-- [et_pb_line_break_holder] -->        }<!-- [et_pb_line_break_holder] --><!-- [et_pb_line_break_holder] -->        .contact-item.email i {<!-- [et_pb_line_break_holder] -->            color: #EA4335; \/* Rojo de Gmail *\/<!-- [et_pb_line_break_holder] -->        }<!-- [et_pb_line_break_holder] --><!-- [et_pb_line_break_holder] -->        .contact-item.facebook i {<!-- [et_pb_line_break_holder] -->            color: #1877F2; \/* Azul oscuro de Facebook *\/<!-- [et_pb_line_break_holder] -->        }<!-- [et_pb_line_break_holder] --><!-- [et_pb_line_break_holder] -->        .contact-item.instagram i {<!-- [et_pb_line_break_holder] -->            background: linear-gradient(45deg, #f58529, #dd2a7b, #8134af, #515bd4);<!-- [et_pb_line_break_holder] -->            -webkit-background-clip: text;<!-- [et_pb_line_break_holder] -->            -webkit-text-fill-color: transparent;<!-- [et_pb_line_break_holder] -->        }<!-- [et_pb_line_break_holder] --><!-- [et_pb_line_break_holder] -->        .contact-text {<!-- [et_pb_line_break_holder] -->            font-size: 16px;<!-- [et_pb_line_break_holder] -->           word-break: break-word; <!-- [et_pb_line_break_holder] -->        }<!-- [et_pb_line_break_holder] --><!-- [et_pb_line_break_holder] -->        .contact-text .bold {<!-- [et_pb_line_break_holder] -->            font-weight: bold;<!-- [et_pb_line_break_holder] -->        }<!-- [et_pb_line_break_holder] -->    <\/style>\n<p><!-- [et_pb_line_break_holder] --><\/head><!-- [et_pb_line_break_holder] --><body><!-- [et_pb_line_break_holder] -->    <\/p>\n<div class=\"contact-container\"><!-- [et_pb_line_break_holder] -->        <!-- WhatsApp --><!-- [et_pb_line_break_holder] -->        <a href=\"https:\/\/wa.me\/2613864592\" class=\"contact-item whatsapp\" target=\"_blank\"><!-- [et_pb_line_break_holder] -->            <i class=\"fab fa-whatsapp\"><\/i><!-- [et_pb_line_break_holder] -->            <\/p>\n<div class=\"contact-text\"><!-- [et_pb_line_break_holder] -->                <span class=\"bold\">WhatsApp:<\/span> 261-3864592<!-- [et_pb_line_break_holder] -->            <\/div>\n<p><!-- [et_pb_line_break_holder] -->        <\/a><!-- [et_pb_line_break_holder] --><!-- [et_pb_line_break_holder] -->        <!-- Correo --><!-- [et_pb_line_break_holder] -->        <a href=\"mailto:concejodeliberante@lavallemendoza.gob.ar\" class=\"contact-item email\"><!-- [et_pb_line_break_holder] -->            <i class=\"fas fa-envelope\"><\/i><!-- [et_pb_line_break_holder] -->            <\/p>\n<div class=\"contact-text\"><!-- [et_pb_line_break_holder] -->                <span class=\"bold\">Correo:<\/span> concejodeliberante@lavallemendoza.gob.ar<!-- [et_pb_line_break_holder] -->            <\/div>\n<p><!-- [et_pb_line_break_holder] -->        <\/a><!-- [et_pb_line_break_holder] --><!-- [et_pb_line_break_holder] -->        <!-- Facebook --><!-- [et_pb_line_break_holder] -->        <a href=\"https:\/\/www.facebook.com\/profile.php?id=61556888025979\" class=\"contact-item facebook\" target=\"_blank\"><!-- [et_pb_line_break_holder] -->            <i class=\"fab fa-facebook\"><\/i><!-- [et_pb_line_break_holder] -->            <\/p>\n<div class=\"contact-text\"><!-- [et_pb_line_break_holder] -->                <span class=\"bold\">Facebook:<\/span> Concejo Deliberante Lavalle<!-- [et_pb_line_break_holder] -->            <\/div>\n<p><!-- [et_pb_line_break_holder] -->        <\/a><!-- [et_pb_line_break_holder] --><!-- [et_pb_line_break_holder] -->        <!-- Instagram --><!-- [et_pb_line_break_holder] -->        <a href=\"https:\/\/www.instagram.com\/concejodeliberantelavalle\/?hl=es\" class=\"contact-item instagram\" target=\"_blank\"><!-- [et_pb_line_break_holder] -->            <i class=\"fab fa-instagram\"><\/i><!-- [et_pb_line_break_holder] -->            <\/p>\n<div class=\"contact-text\"><!-- [et_pb_line_break_holder] -->                <span class=\"bold\">Instagram:<\/span> @concejodeliberantelavalle<!-- [et_pb_line_break_holder] -->            <\/div>\n<p><!-- [et_pb_line_break_holder] -->        <\/a><!-- [et_pb_line_break_holder] -->    <\/div>\n<p><!-- [et_pb_line_break_holder] --><\/body><!-- [et_pb_line_break_holder] --><\/html><!-- [et_pb_line_break_holder] -->[\/et_pb_code][\/et_pb_column][\/et_pb_row][\/et_pb_section]<\/p>\n","protected":false},"excerpt":{"rendered":"<p>Concejo DeliberanteNoticias HCDUBICACI\u00d3NCONTACTANOS<\/p>\n","protected":false},"author":2,"featured_media":0,"parent":0,"menu_order":0,"comment_status":"closed","ping_status":"closed","template":"","meta":{"_et_pb_use_builder":"on","_et_pb_old_content":"","_et_gb_content_width":"","footnotes":""},"class_list":["post-449","page","type-page","status-publish","hentry"],"_links":{"self":[{"href":"https:\/\/lavallemendoza.gob.ar\/public\/wp-json\/wp\/v2\/pages\/449","targetHints":{"allow":["GET"]}}],"collection":[{"href":"https:\/\/lavallemendoza.gob.ar\/public\/wp-json\/wp\/v2\/pages"}],"about":[{"href":"https:\/\/lavallemendoza.gob.ar\/public\/wp-json\/wp\/v2\/types\/page"}],"author":[{"embeddable":true,"href":"https:\/\/lavallemendoza.gob.ar\/public\/wp-json\/wp\/v2\/users\/2"}],"replies":[{"embeddable":true,"href":"https:\/\/lavallemendoza.gob.ar\/public\/wp-json\/wp\/v2\/comments?post=449"}],"version-history":[{"count":55,"href":"https:\/\/lavallemendoza.gob.ar\/public\/wp-json\/wp\/v2\/pages\/449\/revisions"}],"predecessor-version":[{"id":3473,"href":"https:\/\/lavallemendoza.gob.ar\/public\/wp-json\/wp\/v2\/pages\/449\/revisions\/3473"}],"wp:attachment":[{"href":"https:\/\/lavallemendoza.gob.ar\/public\/wp-json\/wp\/v2\/media?parent=449"}],"curies":[{"name":"wp","href":"https:\/\/api.w.org\/{rel}","templated":true}]}}